= 2*x. What is the tens digit of o(n)?
1
Let t(l) = -6*l - 2. Let w be t(7). Let a = w + 76. Suppose 4*z - 46 = -2*c, -5*z + a = -5*c - 3. What is the units digit of z?
0
Let n(q) = -q**3 + 6*q**2 + 9*q - 10. Let p be n(7). What is the units digit of -4 - (p + -7 - 40)?
9
Suppose l + 0*l - 1 = -3*y, -3*l = -3*y - 39. Let w be ((-4)/l)/(4/20). What is the units digit of (w/(-4))/(3/48)?
8
Let y(t) = -t**3 - 5*t**2 - 3*t - 3. Let u(s) = s + 1. Let f be u(-6). What is the units digit of y(f)?
2
What is the tens digit of (-120)/(-45)*(-102)/(-4)?
6
Let k = 25 + -12. Let o = k - 8. Suppose 4*c = o*c - 6. What is the units digit of c?
6
Let n = 23 - -3. What is the tens digit of n?
2
Suppose 0 = -4*r + t + 96, r + 4*r - 120 = -2*t. Suppose 0*g + 4*g = r. What is the units digit of g?
6
Suppose -2*n + 4 = -0*n. Let c(o) = -3*o + 9*o - 2*o + 2. What is the tens digit of c(n)?
1
Suppose u = -2*u + 3*a - 6, -a = -4*u - 2. Let r(w) = w**3 + w**2 + 26. What is the units digit of r(u)?
6
Let n(r) = -r + 12. Suppose 5*q - 4*p = -20, 4*q + 22 = 4*p + 2. What is the tens digit of n(q)?
1
Suppose 5*f = f + 356. Let v = -53 + f. What is the tens digit of v?
3
Suppose -3*g + 7*g - 2*a - 28 = 0, 0 = -a - 4. Suppose -5*p + g + 70 = 0. What is the units digit of p?
5
Suppose q = 6 - 3. Let n = q - -4. Suppose -2*u + 3 + n = 0. What is the units digit of u?
5
Suppose 3*b - 2*b = 2. Let n(q) = 6*q**2 + 3*q - 3. What is the units digit of n(b)?
7
Suppose 5*w + 107 = -68. What is the units digit of (2 + 10)/((-14)/w)?
0
Suppose 3*n + 0 = -18. Let p(a) = a**2 - 4. Let g be p(n). Suppose 4*u - 2*f - g = 0, -3*u - 2*f = 2*f - 13. What is the units digit of u?
7
Let p(y) = 30*y**3 + 2*y + 1. Let f be p(-1). Let w = f - -45. What is the units digit of w?
4
Let o = -4 + 6. Suppose o - 12 = -s. What is the units digit of s?
0
Suppose 18 + 142 = 2*f. What is the tens digit of f?
8
Let k(m) = -6*m - 1. Let q be k(-1). Let u = -3 - q. Let y = 2 - u. What is the units digit of y?
0
Let t = -68 + 96. What is the units digit of t?
8
Let v(x) = 2*x**2 - 2*x + 3. What is the tens digit of v(3)?
1
Let v(m) be the third derivative of -m**6/120 - m**5/30 + m**4/8 - m**3/2 + 2*m**2. What is the tens digit of v(-4)?
1
Suppose -3*s = -5*s + 4. Suppose k + 3*r - 4 = -0*k, -s = -2*r. What is the units digit of k?
1
Suppose c = 2*c - 3*s, 4*s = -5*c. Suppose c = -4*r + 5*h + 28, h - 22 = -5*r + 4*h. Suppose -7 + 1 = -r*z. What is the units digit of z?
3
Suppose -3*c = 6 - 0. Suppose 4*a - 2 = z - 3, -3*a + 2*z - 2 = 0. Let x = a - c. What is the units digit of x?
2
Let j be 2 - (-412 + (-2 - -2)). Let h = -2 - -6. What is the tens digit of j/21 - h/(-14)?
2
Suppose 100 = -s - 3*s. Suppose 4*x = -3*y - 0*x - 62, -y - 24 = 3*x. Let r = y - s. What is the units digit of r?
7
Let h = -70 + 36. Let l be 4/(-10) - h/10. Suppose 0 = 4*m - l*t - 27, -3*m + m - 5*t = -7. What is the units digit of m?
6
Suppose -v + 11 + 9 = 0. Suppose -a - 3*a - 4*t = 0, a - 4*t - v = 0. Suppose 5 = a*c + 1. What is the units digit of c?
1
Let l(d) = -d**3 + 4*d**2 - 4*d + 3. Let b be l(3). Suppose -4*m = 3*w - 70, b = 4*w + 4*m + 2 - 90. What is the tens digit of w?
1
What is the hundreds digit of (592/(-6))/(12/(-18))?
1
Suppose 2*m - 12 = -2*m. Let t be 2/5 - 114/10. Let l = m - t. What is the tens digit of l?
1
Let p(w) = 2*w**2 + 2*w - 1. Let u be p(-2). Let s = 0 - -2. Let g = u - s. What is the units digit of g?
1
Suppose -5*u + 26 + 409 = 0. What is the units digit of u?
7
Let a(m) = -6*m**2 + 36*m - 6. Let w(s) = -s**2 + 7*s - 1. Let y(g) = 2*a(g) - 11*w(g). What is the units digit of y(-2)?
5
Suppose -3*n + 6 = -4*m - 4, 0 = -2*n - 5*m + 45. Let b = 15 - n. What is the units digit of b?
5
Let u(n) = n**3 - 2*n**2 - 5*n + 4. Let k be (-10)/(-4)*40/25. What is the units digit of u(k)?
6
Let k = 1 - 1. Suppose u + 4*u - 5 = 0. What is the units digit of 10/(-2)*(k - u)?
5
Let b = 38 - 16. What is the units digit of (-3 - -2)*1 + b?
1
Let v be 6/4 + (-39)/(-6). Let j(w) = -26*w. Let i(o) = 5*o. Let d(h) = 16*i(h) + 3*j(h). What is the units digit of d(v)?
6
Let v be 1 - (2/(-2))/1. Suppose -x - 11 = -4*r, 0 = -2*x + v*r + 3 - 1. Suppose 0 = -t + 11 - x. What is the units digit of t?
6
Let q = 7 + 3. Let c(o) = 3*o**2 + 15*o. Let y(p) = 8*p**2 + 44*p. Let g(d) = -11*c(d) + 4*y(d). What is the units digit of g(q)?
0
Suppose 0 = -2*z + 4*r + 258, -3*z + 227 = -r - 145. What is the units digit of z?
3
Let y be -19 - -2 - 1*-2. Let h be y/(-35) - (-24)/(-7). What is the units digit of 11 + (-3 - 9/h)?
1
Let k be 10/(-3)*6/5. What is the units digit of -1*(-1)/(-1)*k?
4
Let p(f) = -f**3 + f**2 + f + 28. What is the tens digit of p(0)?
2
Let i be (0 + 1)/(5/(-145)). Let k be i + 2*(-1)/2. Let f = -14 - k. What is the units digit of f?
6
Let z(j) = j**3 - j**2 - 3*j - 2. Let m be z(-2). What is the units digit of (-2)/m - 75/(-4)?
9
Let h = -8 + 13. Let c = h + -3. Suppose -23 + 71 = 3*i - 5*j, -2*i = -c*j - 28. What is the units digit of i?
1
Let u(c) = 0 + 4*c + c**2 - 4 - 2*c. Let t = 1 - 5. What is the units digit of u(t)?
4
What is the units digit of 3/(-9*(-4)/24)?
2
Let u = -7 - -12. Suppose n - 1 = u. What is the units digit of n?
6
Let q = 395 - 202. What is the tens digit of q?
9
Let w = -3 - -6. Suppose -1 = -4*v + w. What is the units digit of v?
1
Let y(m) = 2*m**2 + 8*m + 7. Let v = -8 + 3. What is the tens digit of y(v)?
1
Let i(s) = s**2 - 2*s - 4. Let y be i(-3). Let l be y + (3 - 2 - 3). Let m = l - 5. What is the units digit of m?
4
Suppose -2*w = w + 3. What is the units digit of (0 + 47)/(w - -2)?
7
Suppose 2*c - 5*h - 28 = 0, -c + 5*c - 80 = 4*h. What is the units digit of c?
4
Let a be -4 + 4 + 0 + -52. What is the units digit of a*-1*2/4?
6
Let u(y) = 3*y**2 - 11*y + 9. What is the tens digit of u(7)?
7
Let n = 22 + -19. Let y = 43 - n. What is the units digit of y?
0
Let m(b) = b + 5. Let q be m(-5). Suppose 5*i - 66 - 104 = q. What is the tens digit of i?
3
Suppose 4*d - 8 = -5*s, -s + 5*d - 10 = 2*s. Suppose -m + 0*m + 3 = s. Let v(r) = 3*r - 2. What is the units digit of v(m)?
7
Let n(u) = u**2 + u + 5 - 2*u**2 + 3*u. Let b be n(5). Suppose b = 4*a + 3*s - 13, 5*a + 1 = s + 3. What is the units digit of a?
1
Let y(u) be the second derivative of u**4/12 + 2*u**3/3 - u**2 - 3*u. What is the tens digit of y(-7)?
1
What is the units digit of 22 - ((-48)/(-27) + (-4)/(-18))?
0
Suppose 0 = 4*h - 8*h + 60. What is the tens digit of (-62)/(-6) + 10/h?
1
Suppose -28 - 44 = -2*w + 4*d, -d = w - 24. What is the units digit of w?
8
Suppose -48 = -3*j - j. Let s be ((-16)/(-6))/(4/j). Suppose 0 = 5*i - 32 - s. What is the units digit of i?
8
Let q(p) = p - 8. Let n be q(-6). Let x = n + 25. What is the units digit of x?
1
Suppose 2*t - 82 = 18. What is the tens digit of t*1 - (-7 + 10)?
4
Let b(a) = -a**2 + 13*a - 5. What is the units digit of b(12)?
7
Let a = 9 + -15. Let g be 2/2*(-7 - 1). Let k = a - g. What is the units digit of k?
2
Let h be 1/(9/(-6) - -2). Suppose 0 = 5*k + 5*a - 13 - 27, -k + h = 4*a. What is the tens digit of k?
1
Let c(g) = -6*g**3 - 5*g**2 - 5*g - 2. What is the hundreds digit of c(-3)?
1
Let i(z) = -2*z**2 - z. Let x be i(-1). Let a(h) = -13*h. What is the tens digit of a(x)?
1
Suppose 0 = k + k - 106. What is the tens digit of k?
5
Let x = 5 + -3. Suppose 0 = -o - x*a + 3, 4*o - 6*a + a - 12 = 0. Suppose -26 + 8 = -o*g. What is the units digit of g?
6
Let o = -4 - -8. Suppose o*k = -4*r + 4, -3*k - 4 = 2*r - 10. Suppose 0*j = 2*j - k. What is the units digit of j?
2
Let r(c) = c - 5. Let o be r(5). Suppose -3*d + 15 = 2*d. What is the units digit of -24*1/(o - d)?
8
Suppose 0 = -3*g - 0*g. Suppose p - 10 + 3 = g. Suppose -f = -1 - p. What is the units digit of f?
8
Suppose 4*b + u + 19 = -16, -3*b = -4*u + 12. Let f = b + 16. Suppose t = 3*h - f, -4*t - 5*h = -36 - 0. What is the units digit of t?
4
Suppose 5*r - 12 = 13, -4*q + r + 303 = 0. What is the units digit of q?
7
Let k be (2/4)/((-2)/160). Let x be ((-1)/(-2))/(2/k). What is the units digit of 10/(-4)*4/x?
1
Let t(f) = f**3 - 13*f**2 + 7*f. What is the units digit of t(13)?
1
Let s(c) = 2*c**2 + 3*c - 4. Let j be s(-3). Suppose j*m - m = 124. Suppose 2*v - 5*i - m = -v, -4*i - 8 = 0. What is the units digit of 